+ 2579. Is w(0) prime?
True
Let b = 91 + 77. Let r = b - 329. Let i = 50 - r. Is i prime?
True
Let s(w) = -12*w**2 + 9*w + 5*w**3 - 1 + 10*w - 6*w - 6*w**3. Let a be s(-13). Is ((-1651)/52)/(a/4) prime?
True
Is 687 - -17 - (1 + -2 + 2) prime?
False
Suppose 2*f - 9 = 7. Suppose f = 3*o + o. Suppose -o*b - k = -7*b + 408, -2*b + 2*k = -160. Is b a prime number?
False
Let d(a) = 2*a - 7. Let h be d(-4). Is ((-8166)/h)/(4/10) composite?
False
Let g(y) = -25*y**3 - 4*y**2 - 2*y - 2. Let v be g(-4). Let u = 105 - -670. Let c = v - u. Is c a composite number?
True
Suppose -l = 3*w - 3596, 4*l + 5*w - 2082 = 12295. Is l prime?
True
Let y = 1675 + -996. Suppose -13*w + y = 198. Is w composite?
False
Let j be 202/22 - (-5)/((-220)/8). Is (2/(-4))/(j/(-8406)) a composite number?
False
Suppose -7*w - 9 = -10*w. Suppose -8 = -w*n + 4. Is ((-34)/(-51))/(n/966) prime?
False
Suppose -3*a - 65 = -u, -3*u + 102 = -5*a - 9. Is (a/(-28))/((-6)/(-10256)) a composite number?
True
Is 8/(16/(-6)) + 4230 prime?
False
Suppose 48*o - 44*o = 16, 5*o = -4*p + 58800. Is p a composite number?
True
Suppose -4906634 = -68*j - 540286. Is j a prime number?
False
Suppose -60658 = -13*c - 13*c. Is c composite?
False
Suppose -3*c + 2 = -x + 4, 0 = 4*x + c - 8. Let p be 2 + -2 + (1 - -1). Suppose 4*k - 761 = x*r + 339, -p*r = 4. Is k prime?
False
Suppose -13*s + 54 - 15 = 0. Suppose q - 113 = -2*v, 3*q - 339 = 2*v - s*v. Is q a prime number?
True
Suppose 2*f + 3 + 1 = 0. Let b be 2/8 + f/8. Suppose -6*y = -2*y - w - 1328, b = 4*y - 3*w - 1336. Is y composite?
False
Suppose -4*u - 4*b = -3344, 5*u - 4331 = -4*b - 149. Is u prime?
False
Is (3/(48/3356))/((-2)/(-8)) a composite number?
False
Suppose k = 11 - 3. Let q(x) be the third derivative of -x**6/120 + 3*x**5/20 + x**4/24 + 7*x**3/6 + 9*x**2. Is q(k) prime?
True
Let s = 208165 - 134594. Is s composite?
False
Let y be (-1)/((2/(-4))/((-42)/(-28))). Suppose 5*c = y*u - 90 - 17, 168 = 5*u + 2*c. Is u prime?
False
Let f = -22 + 17. Let l(t) = -11*t - 2. Let k be l(f). Suppose -r = -0*r - k. Is r composite?
False
Let h(g) = -g**3 + 5*g**2 + g - 1. Let m be h(5). Suppose 2*a - 21 = -y + 74, m*a = -5*y + 199. Is a prime?
False
Let t = 21621 + -9474. Is t prime?
False
Suppose -c = -2*c - 111. Let x = 652 + -392. Let q = x + c. Is q a prime number?
True
Let m(n) = 37489*n + 76. Is m(3) composite?
False
Let b = -187 + 277. Let g = b + -144. Let l = g + 79. Is l prime?
False
Suppose 93 = -o - 70. Let h = o - -365. Is h composite?
True
Let g be 9/6*40/15. Suppose g*h - 10 = -2. Suppose h*i + 494 + 55 = 3*b, 0 = -3*b - 3*i + 564. Is b prime?
False
Suppose -1406 = -l - g + 1614, 0 = -2*l - g + 6039. Is l a prime number?
True
Let m = 79 - 71. Suppose -m*c = -16*c + 3448. Is c a composite number?
False
Suppose 2*f - 321 - 5 = 0. Suppose -q = -f - 70. Is q composite?
False
Let d(u) = -u**2 + 16*u - 7. Let i(l) = l**2 - 5*l - 2. Let m be i(6). Suppose -m*y + 16 = -24. Is d(y) prime?
True
Let u(i) = -36*i**3 + 9*i**2 + 4*i + 50. Is u(-7) a prime number?
False
Suppose 2*g - 3*g + 5*u = -27537, -2*u = -4*g + 110238. Is g a prime number?
False
Let h(f) = 3*f**2 - 3*f + 3. Suppose 6*v = 3*v + 6. Let n be h(v). Let y = 15 - n. Is y a composite number?
True
Let v(p) = 14*p**3 + 3*p**2 + p + 1. Let q be (-9)/3*(-4)/(-6). Let o be v(q). Let k = 480 - o. Is k a prime number?
False
Suppose -2*a - 4*k - 2 = 0, a + 5*k + 5 = -a. Suppose 2*u + 4 + 14 = 4*j, -a*j + 3*u + 24 = 0. Let n = j - -79. Is n a prime number?
False
Let t(o) = o**3 - 5*o**2 + 5*o - 2. Let w be t(4). Suppose 2*u - 2*p - w*p - 7342 = 0, 5*p + 15 = 0. Is u a prime number?
False
Let z be (-4 - (-1148)/(-12))*-3. Suppose 5*g + 2*w = 5*w + 4488, 3585 = 4*g + 3*w. Suppose 2*k = d - 3*k - z, -3*d - k = -g. Is d prime?
False
Let g(f) be the third derivative of -49*f**4/4 - 7*f**3/6 + 17*f**2. Is g(-4) composite?
True
Let x = 1246 + 321. Is x a composite number?
False
Let w(p) = -324*p + 7. Suppose q + 4 - 7 = 0. Let z be -2 - (q - (-1 - -3)). Is w(z) a prime number?
False
Let c(u) be the second derivative of 13*u - 13/2*u**2 + 0 - 5/6*u**3 + 11/12*u**4. Is c(6) a prime number?
True
Let z = 26 - 24. Suppose 0 = 2*c + z*c - 36. Is ((-743)/2)/(c/(-18)) composite?
False
Let n(t) = 11*t + 118. Is n(53) prime?
True
Let y(f) = f**3 - 11*f**2 + f - 8. Let j be y(11). Suppose 3*m - 9 = -j*p + 4*m, 0 = -3*p + 4*m + 18. Is 50 - (-1 + p)*-1 composite?
True
Let q(m) = 4*m + 33710. Let h be q(0). Suppose 4*c - h = -6*c. Is c prime?
True
Let f be 5025/9 - 14/(-21). Suppose f = 4*m - 5*j, -6*m + 3*m - 3*j + 426 = 0. Is m a prime number?
False
Suppose -3*q = -2269 - 2849. Is q prime?
False
Let y(x) = -50804*x**3 + x**2 - 4*x + 3. Let t be y(1). Is 4/24 - t/24 a composite number?
True
Let d(k) be the first derivative of k**4/4 + 2*k**3/3 - k**2 - 2*k + 2. Is d(5) composite?
False
Suppose 0 = 19*k - 133653 - 101738. Is k a composite number?
True
Let y(i) = 24*i - 5. Suppose 3*w - 17 = 22. Is y(w) composite?
False
Let u = -12305 + 23482. Is u composite?
False
Is 1999/((-3)/2*14/(-231)) a composite number?
True
Let u(t) = t**3 - 12*t**2 + 12*t - 9. Let n be u(11). Suppose 0 = n*q - 2*j - 4668, 6*j = 2*j - 20. Is q prime?
False
Suppose 0 = -h - 5, -h + 1351 = 4*i - i. Let u = 139 + -136. Suppose -u*c + i = c. Is c a composite number?
False
Let z = 1064 + 9795. Is z prime?
True
Suppose 2*j - 8 = 0, 4*b - 5*j + 60 = -b. Let i = -6 - b. Is (-1612)/(-8) - (-3)/i prime?
False
Suppose u - 2*d = 2119, 8502 = 4*u - 3*d + 8*d. Suppose 0 = 5*k - u - 3242. Is k a prime number?
False
Suppose -q - 21228 = -4*s + 3*q, -q - 4 = 0. Is s a prime number?
True
Suppose w + 11 = k, 10*w - 36 = -2*k + 5*w. Suppose k*t = 18*t - 2495. Is t a prime number?
True
Let p be ((-3)/2)/((-24)/448). Let j be 1*3 + 0/3. Is -5*(-6 + j - p) prime?
False
Let d(m) = -4*m + 117. Is d(5) a prime number?
True
Suppose -67437 = 119*l - 128*l. Is l a prime number?
False
Suppose -5*g - 86 = -h, 0 = 3*h + 5*g - 3*g - 258. Suppose 3*x + 187 = 2*y, 4*y - 295 = -x + h. Is y a prime number?
False
Suppose -4*k + 4*o = -12, 4*k - 5 = 2*o + 1. Let d(h) = 13 - 2*h**2 + 6*h**2 - h - 3*h**2 + k*h**2. Is d(0) a composite number?
False
Let n(l) = 9*l**3 - 5*l + 18. Let h(p) = -4*p**3 + 2*p - 9. Let i(k) = -7*h(k) - 3*n(k). Suppose 2 = -5*x + 2*u, -5*x + 1 + 1 = 2*u. Is i(x) composite?
True
Let r(g) = -5*g**3 - 3*g**2 - 4*g - 1. Let t(x) = 2*x - 1. Let j be t(-1). Is r(j) composite?
True
Let d be 6/2 + 2 + 0. Suppose -4*o - 2*x + 2214 = 0, d*o - 3*x = -0*x + 2762. Is o composite?
True
Let a(t) = -2*t + 1657. Is a(0) prime?
True
Suppose -5*x + 157 = 2*n + n, 2*n = 5*x - 162. Let k be x/24*(-6)/2. Is 4/k + 21 + -1 a composite number?
False
Let l(i) = i**2 - i + 6. Let d be l(-2). Suppose p + w - 2806 = 341, d = -3*w. Is p composite?
True
Let l(a) = -1190*a**3 + 4*a**2 + 3*a + 1. Let v be l(-1). Suppose 0 = -3*d + v + 101. Is d prime?
True
Is 175620/(-48)*-6 + (-1)/(-2) composite?
True
Let k(g) = -g**2 + g - 1. Let h(m) = 31*m**2 + 5*m - 19. Let u(x) = h(x) - 6*k(x). Is u(5) prime?
True
Suppose -3*o + 12822 = -3*s, 0 = -5*s - 15. Is o a composite number?
False
Let a = -12 + 5. Let g be (0 - 1)/((-290)/48 - -6). Is (-243)/a - g/(-84) prime?
False
Suppose -99 = 4*s + 89. Let o = -7 - s. Suppose -a + o = -42. Is a a prime number?
False
Let o = -11 - -14. Suppose 0 = o*s + y - 758, -4*s + 4*y = s - 1235. Is s a composite number?
False
Let h(n) = -n - 1. Let d be h(-8). Let p(v) = 8*v - 2. Let j be p(d). Let f = j + -31. Is f a composite number?
False
Let v = 199 + 108. Is v composite?
False
Let u be 1/6 + (-2948)/(-24). Let h = u - -511. Is h/5 + (-3)/(-15) composite?
False
Let w(t) = 39*t**3 + t**2. Suppose -g - 5 = -6. Let y be w(g). Let m = -5 + y. Is m prime?
False
Let f(a) = 33*a**3 + a**2 - 15*a - 5. Is f(6) a prime number?
True
Let d(a) = 423*a**2 - 51*a - 5. Is d(-6) a composite number?
True
Let v(y) = y - 5. Let s be v(4). Let q(h) be the second derivative of -179*h**3/6 - h**2/2 + 43*h - 2. Is q(s) a composite number?
True
Let t = -1 - -6. Suppose 3*i = t*n - 35, 0 = -4*n - i - 2*i + 28. Suppose 0 = n*z - z - 138. Is z a prime number?
True
Let i(v) = 14*v**2 - 16*v - 147. Is i(-20) a composite number?
True
Suppose 0*b = 3*b - 3*m - 137706, 2*m = 6. Is b prime?
False
Le